 = h + n. What is the remainder when q is divided by 7?
6
Suppose -25*n + 28*n = -48. Let s = -13 - n. What is the remainder when 4 is divided by s?
1
Suppose 0 = 7*s + 44*s - 51. Calculate the remainder when 57 is divided by s.
0
Suppose 7*x + 10 = 12*x - 5*i, 5*i = -2*x + 18. Calculate the remainder when 131 is divided by x.
3
Suppose -x = -3*x + 88. Calculate the remainder when (4/10)/(-1) + 1294*(-32)/(-320) is divided by x.
41
Let x = 68 + 2. What is the remainder when x is divided by 19?
13
Let s(y) = 5*y - 9. Let o be s(2). Let u(w) = 36*w**2 - 1. Calculate the remainder when u(o) is divided by 13.
9
Let b(r) = r**3 - 8*r**2 - 7*r - 9. Let o be b(9). Let w = 23 - o. Let f = 131 + -76. Calculate the remainder when f is divided by w.
13
What is the remainder when 51 is divided by (-162)/270 - 113/(-5)?
7
Suppose 0 = f - 14 + 42. Let q = f - -53. Suppose 15*x - 10*x - 45 = 0. What is the remainder when q is divided by x?
7
Let r = -89 + 152. Calculate the remainder when 138 is divided by r.
12
Suppose 3*i + 3*f = 246, -f - 140 = -2*i + 12. Let t be -3 + 2 + 1/(-1). Calculate the remainder when i is divided by (-39)/(-2) - 1/t.
18
Let h be -4*(-4)/4*5. Suppose -15*g = -h*g. What is the remainder when 24 is divided by g - -7*(-3 + 4)?
3
Let b(i) be the second derivative of -i**5/20 - i**4/6 - 2*i**3/3 - 2*i**2 - 5*i. What is the remainder when 11 is divided by b(-2)?
3
Suppose 2*y = 5 + 15. What is the remainder when 186 is divided by y?
6
Suppose 3*w + 2 = 23. Calculate the remainder when 75 is divided by w.
5
Let g(a) = a - 2. Let h be g(10). Suppose -3*o - 20 = -h*o. Suppose -249 = -o*x + 15. What is the remainder when x is divided by 17?
15
Let x(n) = 63*n**2 - 3*n + 3. Calculate the remainder when x(-1) is divided by 6.
3
Suppose 0 = 3*p - 12*p + 18. Suppose 5*l + 4*v = 205, -p*l + 2*v = -3*v - 115. What is the remainder when 134 is divided by l?
44
Let r = 6 - -2. Suppose 110 - 35 = 5*v. Calculate the remainder when v is divided by r.
7
Let h be -37 - 12/10*(-10)/(-4). Let a = h - -50. Let o(c) = -c**3 + 3*c + 1. What is the remainder when o(-3) is divided by a?
9
Let l(j) = j**3 - 7*j**2 + 8*j + 12. Let t be l(6). Let y = t + 22. What is the remainder when y is divided by 14?
4
Suppose 3*c - 2*m - 43 = 0, 2*m = 4*m + 10. Calculate the remainder when (2*4)/(26/8 + -3) is divided by c.
10
Let o = 223 + -210. Calculate the remainder when 41 is divided by o.
2
Let t(s) = s**3 - s**2 + 70. Let l(i) = i**3 - 9*i**2 - 12*i + 20. Let y be l(10). Calculate the remainder when t(y) is divided by 18.
16
Suppose 0 = -19*y + 23*y - 1160. Calculate the remainder when y is divided by 42.
38
Suppose -4*q + 2*q = -18. Suppose w - q = -2*a, -4*w - 7*a + 39 = -2*a. What is the remainder when 32 is divided by w?
10
Suppose -7*j - 35 = -196. What is the remainder when 321 is divided by j?
22
Suppose -24*u = -76*u + 4576. Suppose 5*f - 163 = -2*q, -f = -6*f + q + 151. Calculate the remainder when u is divided by f.
26
Suppose -2 - 16 = -3*d. What is the remainder when ((-42)/(-5) + -9)/((-3)/75) is divided by d?
3
Let c(l) = -l**3 + 7*l**2 + l + 2. Let w be c(7). Suppose z - 39 = -w. What is the remainder when 89 is divided by z?
29
Suppose 2*d = -5*n - 32 + 8, -2*n = 8. Let y(w) = -4*w**3 - w**2 - 2*w - 3. Calculate the remainder when y(d) is divided by 10.
9
Suppose 6*s - s = 205. Suppose v = m - 0*m + 21, v - s = 5*m. Suppose -2 = -3*g + 2*g, 158 = 5*k + 4*g. Calculate the remainder when k is divided by v.
14
Suppose -4*z - 45 = -z. Let l = z - 10. Let v = l - -50. Calculate the remainder when v is divided by 7.
4
Suppose -1 = -4*z + 19. Calculate the remainder when 4/10 + 128/z is divided by 9.
8
Suppose -6*p + 6 = -3*p. Suppose -l - n + 3 = 0, 5 - 3 = -p*n. What is the remainder when (-3)/((-3)/2) + 4 is divided by l?
2
Suppose -13 = -4*m - 9, 5*z - m = 79. Suppose z*l + 100 = 26*l. What is the remainder when l is divided by 3?
1
Suppose z + 49 + 50 = -4*j, -3*j + 2*z - 66 = 0. Let n be 160/j*(-30)/4. Let x = -36 + n. Calculate the remainder when 53 is divided by x.
11
Let v(x) = 77*x - 1. Let b be (1 + (-2)/4)*0. Suppose 6*u - u = -15, 5*i - 2*u - 11 = b. What is the remainder when v(i) is divided by 20?
16
Let z = 55 + 127. What is the remainder when z is divided by 31?
27
Let a(c) be the third derivative of c**5/60 + c**4/8 + c**3/2 + 15*c**2. What is the remainder when a(-9) is divided by 20?
17
Suppose q - 672 = -4*u, 2*u = 10*q - 8*q + 346. Calculate the remainder when 344 is divided by u.
6
Let v = -264 + 270. Calculate the remainder when 52 is divided by v.
4
Let u = -180 + 203. Calculate the remainder when 160 is divided by u.
22
Suppose -4*k = 3*w - 179, 8*k = 2*w + 4*k - 146. What is the remainder when 71 is divided by w?
6
Suppose o - 2*u + 4 = 44, 0 = o + 2*u - 44. Suppose 0 = l - 4*l + o. Let p(b) = -b**3 + 7*b**2 - 6*b + 5. Calculate the remainder when l is divided by p(6).
4
What is the remainder when 112 is divided by ((-9)/5)/9*-245?
14
Suppose -27*p = -p - 1664. Calculate the remainder when p is divided by 18.
10
Let t = -64 + 14. Let o be 10/(-3)*(-45)/(-6). Let a = o - t. What is the remainder when 74 is divided by a?
24
What is the remainder when (-13 - -7) + -1 + 41 is divided by 18?
16
Let m(l) = l**2 + 10*l - 15. Let g be m(10). Suppose g = 2*d + 3*d. What is the remainder when d is divided by (-6)/(-4)*(-78)/(-9)?
11
Let p = 23 - -24. Suppose -5*x - 3*o + 20 = 0, 0 = 2*x + 3*x + 4*o - 25. Calculate the remainder when p is divided by (0 - x)/((-2)/34).
13
Let k(d) = -d**3 + 4*d**2 - 11*d - 1. Let t be k(-7). Suppose -2*w + 17*w - t = 0. Calculate the remainder when w is divided by 22.
19
Let y(s) = 6*s**2 - 4*s + 3. What is the remainder when y(2) is divided by (60/(-18))/(17/(-51))?
9
Let w(n) = n**2 - 5*n + 2. Let j be w(4). Suppose -3*u + u = -p + 14, 5*p - 2*u - 46 = 0. Calculate the remainder when (-72)/j + (p - 9) is divided by 10.
5
Suppose 4*i = -4*c + 796, 0 = -3*c + 2*c + 1. Calculate the remainder when (i/24)/(6/32) is divided by 16/1 - 4/4.
14
Let t(f) be the third derivative of -f**6/120 - f**5/12 - f**4/12 + 7*f**3/6 + 5*f**2. Calculate the remainder when t(-5) is divided by 5.
2
Let g(n) = 3*n**3 + 28*n**2 - 19*n + 15. Let a(d) = d - 5. What is the remainder when g(-10) is divided by a(6)?
0
Let d(s) = -41*s - 89. What is the remainder when d(-6) is divided by 10?
7
Suppose -5*r - 44*w = -42*w - 184, -2*r = 3*w - 67. Calculate the remainder when 340 is divided by r.
36
Let c(o) = -o**3 - 5*o**2 + 44*o + 32. What is the remainder when c(-17) is divided by 153?
151
Calculate the remainder when 345/(-46)*164/(-6) is divided by 21.
16
Let r(g) = -5*g + 10. Let z(j) = j + 7. Let n be z(-17). Calculate the remainder when r(n) is divided by 21.
18
Suppose -6*n + 9*n = 18. Suppose 5*l = 2*y - n, l - 44 = -5*y - l. Calculate the remainder when (-4 + 28/y)*-34 is divided by 9.
8
Suppose 2*j = -2*j - 4. Let l be j/(-1*(-3)/(-9)). Suppose l*q = 5*s + 108, 0 = -2*s - 3*s - 15. What is the remainder when 59 is divided by q?
28
Suppose 2*l - 30 = 322. Suppose -167*q + 165*q + l = 0. Calculate the remainder when q is divided by 31.
26
Let i = 99 - 68. Suppose 0 = -z + 3*p - 4, -3*z - 4*p - 47 - 17 = 0. Let c = z + i. Calculate the remainder when c is divided by 4.
3
Calculate the remainder when 549 is divided by 5/(-5) - (3 + 1) - -11.
3
Let u be (-12)/(-4) - -1 - 0. Calculate the remainder when 202/u - 1/(-2) is divided by 18.
15
Let t(x) = 53*x + 232. Let w = 11 - 4. Calculate the remainder when t(-4) is divided by w.
6
Let v = 80 + -65. Suppose 2*z - p - 24 + 1 = 0, p - 40 = -5*z. What is the remainder when v is divided by z?
6
Let v(a) = -78*a**3 + a**2 - a - 1. Let o(u) = -4*u + 11*u - 9 - 1 + 2. What is the remainder when v(-1) is divided by o(5)?
25
Let y(c) = -c**3 + 9*c**2 - 3*c - 3. Let t be 80 - 7/(35/15). Calculate the remainder when y(6) is divided by ((-14)/(-49))/(1/t).
21
Let y(w) = 2*w - 6. Let v be y(6). Let g be (-63)/v + 1/2. Let f = 9 - g. Calculate the remainder when 54 is divided by f.
16
Let l(a) = -10*a**3 - 8*a**3 + 21*a**3 + a - 11*a**2 + 1. Calculate the remainder when l(4) is divided by 8.
5
Let m(s) be the second derivative of -s**3/6 + 41*s**2/2 + 5*s. What is the remainder when 79 is divided 